{"id":87685,"date":"2026-03-02T06:09:23","date_gmt":"2026-03-02T06:09:23","guid":{"rendered":"https:\/\/vulkanoshop.xyz\/?post_type=product&#038;p=87685"},"modified":"2026-03-02T06:09:35","modified_gmt":"2026-03-02T06:09:35","slug":"conjunto-chandal-essentials-corto-fear-of-god-white","status":"publish","type":"product","link":"https:\/\/vulkanoshop.xyz\/?product=conjunto-chandal-essentials-corto-fear-of-god-white","title":{"rendered":"Conjunto Ch\u00e1ndal Essentials Corto &#8211; Fear of God &#8211; White"},"content":{"rendered":"<h3 data-section-id=\"cwtnm7\" data-start=\"328\" data-end=\"343\">Camiseta<\/h3>\n<ul data-start=\"344\" data-end=\"697\">\n<li data-section-id=\"5blk7z\" data-start=\"344\" data-end=\"430\">\n<p data-start=\"346\" data-end=\"430\">Corte <strong data-start=\"352\" data-end=\"364\">oversize<\/strong> con hombros ligeramente ca\u00eddos para un look relajado y moderno.<\/p>\n<\/li>\n<li data-section-id=\"1nd4upg\" data-start=\"431\" data-end=\"520\">\n<p data-start=\"433\" data-end=\"520\">Tejido de algod\u00f3n premium de alto gramaje, suave al tacto y resistente al uso diario.<\/p>\n<\/li>\n<li data-section-id=\"1wakqjo\" data-start=\"565\" data-end=\"618\">\n<p data-start=\"567\" data-end=\"618\">Pu\u00f1os y cintura acanalados para un ajuste c\u00f3modo.<\/p>\n<\/li>\n<li data-section-id=\"cysdsj\" data-start=\"619\" data-end=\"697\">\n<p data-start=\"621\" data-end=\"697\">Logo discreto en relieve \/ estampado minimalista en el pecho (seg\u00fan modelo).<\/p>\n<\/li>\n<\/ul>\n<h3 data-section-id=\"1c75v3q\" data-start=\"699\" data-end=\"714\">Pantal\u00f3n<\/h3>\n<ul data-start=\"715\" data-end=\"998\">\n<li data-section-id=\"7a64hu\" data-start=\"715\" data-end=\"785\">\n<p data-start=\"717\" data-end=\"785\">Fit relajado con ca\u00edda recta o ligeramente ajustada en el tobillo.<\/p>\n<\/li>\n<li data-section-id=\"rcy02r\" data-start=\"786\" data-end=\"850\">\n<p data-start=\"788\" data-end=\"850\">Cintura el\u00e1stica con cord\u00f3n regulable para m\u00e1xima comodidad.<\/p>\n<\/li>\n<li data-section-id=\"cx56yg\" data-start=\"851\" data-end=\"906\">\n<p data-start=\"853\" data-end=\"906\">Bolsillos laterales funcionales y bolsillo trasero.<\/p>\n<\/li>\n<li data-section-id=\"11ogmjj\" data-start=\"907\" data-end=\"998\">\n<p data-start=\"909\" data-end=\"998\">Acabados de calidad superior que mantienen la estructura de la prenda lavado tras lavado.<\/p>\n<\/li>\n<\/ul>\n","protected":false},"excerpt":{"rendered":"<h3 data-start=\"128\" data-end=\"179\">Conjunto de ch\u00e1ndal Fear of God \u2013 Camiseta + Pantal\u00f3n Corto &#8211; Logo Trasero<\/h3>\n<div class=\"flex flex-col text-sm pb-25\">\n<article class=\"text-token-text-primary w-full focus:outline-none [--shadow-height:45px] has-data-writing-block:pointer-events-none has-data-writing-block:-mt-(--shadow-height) has-data-writing-block:pt-(--shadow-height) [&amp;:has([data-writing-block])&gt;*]:pointer-events-auto scroll-mt-[calc(var(--header-height)+min(200px,max(70px,20svh)))]\" dir=\"auto\" tabindex=\"-1\" data-turn-id=\"request-WEB:f1255e5b-7942-4ce5-b5f1-16ef79356cf9-1\" data-testid=\"conversation-turn-4\" data-scroll-anchor=\"true\" data-turn=\"assistant\">\n<div class=\"text-base my-auto mx-auto pb-10 [--thread-content-margin:--spacing(4)] @w-sm\/main:[--thread-content-margin:--spacing(6)] @w-lg\/main:[--thread-content-margin:--spacing(16)] px-(--thread-content-margin)\">\n<div class=\"[--thread-content-max-width:40rem] @w-lg\/main:[--thread-content-max-width:48rem] mx-auto max-w-(--thread-content-max-width) flex-1 group\/turn-messages focus-visible:outline-hidden relative flex w-full min-w-0 flex-col agent-turn\" tabindex=\"-1\">\n<div class=\"flex max-w-full flex-col grow\">\n<div class=\"min-h-8 text-message relative flex w-full flex-col items-end gap-2 text-start break-words whitespace-normal [.text-message+&amp;]:mt-1\" dir=\"auto\" data-message-author-role=\"assistant\" data-message-id=\"bb9924f2-cda7-48be-a9b1-6cc78add1f1f\" data-message-model-slug=\"gpt-5-2\">\n<div class=\"flex w-full flex-col gap-1 empty:hidden first:pt-[1px]\">\n<div class=\"markdown prose dark:prose-invert w-full wrap-break-word light markdown-new-styling\">\n<p data-start=\"0\" data-end=\"399\">Conjunto de ch\u00e1ndal <strong data-start=\"33\" data-end=\"74\"><span class=\"hover:entity-accent entity-underline inline cursor-pointer align-baseline\"><span class=\"whitespace-normal\">Fear of God<\/span><\/span><\/strong>, compuesto por camiseta y pantal\u00f3n a juego. Dise\u00f1ado con corte oversize y confeccionado en algod\u00f3n de alta calidad, ofrece una ca\u00edda impecable y m\u00e1xima comodidad.<\/p>\n<p data-start=\"401\" data-end=\"504\" data-is-last-node=\"\" data-is-only-node=\"\">Un set vers\u00e1til, minimalista y sofisticado, ideal para un look veraniego, urbano, premium sin renunciar al confort.<\/p>\n<\/div>\n<\/div>\n<\/div>\n<\/div>\n<\/div>\n<\/div>\n<\/article>\n<\/div>\n","protected":false},"featured_media":87707,"comment_status":"open","ping_status":"closed","template":"","meta":[],"product_brand":[],"product_cat":[901,755,907,810],"product_tag":[],"class_list":{"0":"post-87685","1":"product","2":"type-product","3":"status-publish","4":"has-post-thumbnail","6":"product_cat-coleccion-primavera-verano-2026","7":"product_cat-conjuntos","8":"product_cat-conjuntos-fear-of-god","9":"product_cat-fear-of-god-general","11":"first","12":"instock","13":"sale","14":"shipping-taxable","15":"purchasable","16":"product-type-variable"},"_links":{"self":[{"href":"https:\/\/vulkanoshop.xyz\/index.php?rest_route=\/wp\/v2\/product\/87685","targetHints":{"allow":["GET"]}}],"collection":[{"href":"https:\/\/vulkanoshop.xyz\/index.php?rest_route=\/wp\/v2\/product"}],"about":[{"href":"https:\/\/vulkanoshop.xyz\/index.php?rest_route=\/wp\/v2\/types\/product"}],"replies":[{"embeddable":true,"href":"https:\/\/vulkanoshop.xyz\/index.php?rest_route=%2Fwp%2Fv2%2Fcomments&post=87685"}],"version-history":[{"count":1,"href":"https:\/\/vulkanoshop.xyz\/index.php?rest_route=\/wp\/v2\/product\/87685\/revisions"}],"predecessor-version":[{"id":87708,"href":"https:\/\/vulkanoshop.xyz\/index.php?rest_route=\/wp\/v2\/product\/87685\/revisions\/87708"}],"wp:featuredmedia":[{"embeddable":true,"href":"https:\/\/vulkanoshop.xyz\/index.php?rest_route=\/wp\/v2\/media\/87707"}],"wp:attachment":[{"href":"https:\/\/vulkanoshop.xyz\/index.php?rest_route=%2Fwp%2Fv2%2Fmedia&parent=87685"}],"wp:term":[{"taxonomy":"product_brand","embeddable":true,"href":"https:\/\/vulkanoshop.xyz\/index.php?rest_route=%2Fwp%2Fv2%2Fproduct_brand&post=87685"},{"taxonomy":"product_cat","embeddable":true,"href":"https:\/\/vulkanoshop.xyz\/index.php?rest_route=%2Fwp%2Fv2%2Fproduct_cat&post=87685"},{"taxonomy":"product_tag","embeddable":true,"href":"https:\/\/vulkanoshop.xyz\/index.php?rest_route=%2Fwp%2Fv2%2Fproduct_tag&post=87685"}],"curies":[{"name":"wp","href":"https:\/\/api.w.org\/{rel}","templated":true}]}}