{"id":86644,"date":"2026-03-02T06:01:19","date_gmt":"2026-03-02T06:01:19","guid":{"rendered":"https:\/\/vulkanoshop.xyz\/?post_type=product&#038;p=86644"},"modified":"2026-03-02T06:02:23","modified_gmt":"2026-03-02T06:02:23","slug":"conjunto-chandal-syna-world-black-syna-blue-logo","status":"publish","type":"product","link":"https:\/\/vulkanoshop.xyz\/?product=conjunto-chandal-syna-world-black-syna-blue-logo","title":{"rendered":"Conjunto Ch\u00e1ndal Syna World &#8211; Black Syna Blue Logo"},"content":{"rendered":"<h3 data-start=\"846\" data-end=\"870\"><strong data-start=\"850\" data-end=\"870\">Caracter\u00edsticas:<\/strong><\/h3>\n<ul data-start=\"871\" data-end=\"1265\">\n<li data-start=\"871\" data-end=\"958\">\n<p data-start=\"873\" data-end=\"958\"><strong data-start=\"873\" data-end=\"886\">Material:<\/strong> Algod\u00f3n y poli\u00e9ster de alta calidad para mayor confort y durabilidad.<\/p>\n<\/li>\n<li data-start=\"959\" data-end=\"1006\">\n<p data-start=\"961\" data-end=\"1006\"><strong data-start=\"961\" data-end=\"971\">Color:<\/strong> Negro con estampados verde ne\u00f3n.<\/p>\n<\/li>\n<li data-start=\"1007\" data-end=\"1077\">\n<p data-start=\"1009\" data-end=\"1077\"><strong data-start=\"1009\" data-end=\"1020\">Dise\u00f1o:<\/strong> Gr\u00e1ficos Syna World exclusivos en sudadera y pantal\u00f3n.<\/p>\n<\/li>\n<li data-start=\"1078\" data-end=\"1138\">\n<p data-start=\"1080\" data-end=\"1138\"><strong data-start=\"1080\" data-end=\"1091\">Ajuste:<\/strong> Jogger entallado + sudadera de corte c\u00f3modo.<\/p>\n<\/li>\n<li data-start=\"1139\" data-end=\"1191\">\n<p data-start=\"1141\" data-end=\"1191\"><strong data-start=\"1141\" data-end=\"1152\">Estilo:<\/strong> Urban, streetwear, tendencia actual.<\/p>\n<\/li>\n<li data-start=\"1192\" data-end=\"1265\">\n<p data-start=\"1194\" data-end=\"1265\"><strong data-start=\"1194\" data-end=\"1212\">Perfecto para:<\/strong> Salidas casual, outfits nocturnos, gym o uso diario.<\/p>\n<\/li>\n<\/ul>\n","protected":false},"excerpt":{"rendered":"<h3 data-start=\"145\" data-end=\"191\"><strong data-start=\"149\" data-end=\"191\">Ch\u00e1ndal Syna World \u2013 Edici\u00f3n Exclusiva<\/strong><\/h3>\n<p data-start=\"193\" data-end=\"484\">Descubre el estilo inconfundible de <strong data-start=\"229\" data-end=\"243\">Syna World<\/strong> con este ch\u00e1ndal premium, dise\u00f1ado para quienes buscan destacar con un look urbano, atrevido y aut\u00e9ntico. Fabricado en tejido de alta calidad, ofrece una comodidad excepcional tanto para el d\u00eda a d\u00eda como para tus sesiones de entrenamiento.<\/p>\n<p data-start=\"486\" data-end=\"839\">El conjunto incluye <strong data-start=\"506\" data-end=\"530\">sudadera con capucha<\/strong> y <strong data-start=\"533\" data-end=\"552\">pantal\u00f3n jogger<\/strong>, ambos en color negro profundo y decorados con el ic\u00f3nico estampado <em data-start=\"621\" data-end=\"627\">Syna<\/em> en un vibrante tono verde ne\u00f3n. El dise\u00f1o gr\u00e1fico, situado estrat\u00e9gicamente en la parte trasera de la sudadera y en la parte trasera del pantal\u00f3n, aporta una est\u00e9tica \u00fanica inspirada en el streetwear londinense.<\/p>\n","protected":false},"featured_media":86695,"comment_status":"open","ping_status":"closed","template":"","meta":[],"product_brand":[],"product_cat":[881,883,884],"product_tag":[],"class_list":{"0":"post-86644","1":"product","2":"type-product","3":"status-publish","4":"has-post-thumbnail","6":"product_cat-chandales-2","7":"product_cat-chandales-syna-world","8":"product_cat-synaworld-general","10":"first","11":"instock","12":"sale","13":"shipping-taxable","14":"purchasable","15":"product-type-variable"},"_links":{"self":[{"href":"https:\/\/vulkanoshop.xyz\/index.php?rest_route=\/wp\/v2\/product\/86644","targetHints":{"allow":["GET"]}}],"collection":[{"href":"https:\/\/vulkanoshop.xyz\/index.php?rest_route=\/wp\/v2\/product"}],"about":[{"href":"https:\/\/vulkanoshop.xyz\/index.php?rest_route=\/wp\/v2\/types\/product"}],"replies":[{"embeddable":true,"href":"https:\/\/vulkanoshop.xyz\/index.php?rest_route=%2Fwp%2Fv2%2Fcomments&post=86644"}],"version-history":[{"count":1,"href":"https:\/\/vulkanoshop.xyz\/index.php?rest_route=\/wp\/v2\/product\/86644\/revisions"}],"predecessor-version":[{"id":86696,"href":"https:\/\/vulkanoshop.xyz\/index.php?rest_route=\/wp\/v2\/product\/86644\/revisions\/86696"}],"wp:featuredmedia":[{"embeddable":true,"href":"https:\/\/vulkanoshop.xyz\/index.php?rest_route=\/wp\/v2\/media\/86695"}],"wp:attachment":[{"href":"https:\/\/vulkanoshop.xyz\/index.php?rest_route=%2Fwp%2Fv2%2Fmedia&parent=86644"}],"wp:term":[{"taxonomy":"product_brand","embeddable":true,"href":"https:\/\/vulkanoshop.xyz\/index.php?rest_route=%2Fwp%2Fv2%2Fproduct_brand&post=86644"},{"taxonomy":"product_cat","embeddable":true,"href":"https:\/\/vulkanoshop.xyz\/index.php?rest_route=%2Fwp%2Fv2%2Fproduct_cat&post=86644"},{"taxonomy":"product_tag","embeddable":true,"href":"https:\/\/vulkanoshop.xyz\/index.php?rest_route=%2Fwp%2Fv2%2Fproduct_tag&post=86644"}],"curies":[{"name":"wp","href":"https:\/\/api.w.org\/{rel}","templated":true}]}}