{"id":80046,"date":"2026-03-02T05:11:26","date_gmt":"2026-03-02T05:11:26","guid":{"rendered":"https:\/\/vulkanoshop.xyz\/?post_type=product&#038;p=80046"},"modified":"2026-03-02T05:11:36","modified_gmt":"2026-03-02T05:11:36","slug":"samba-burgundy-cream","status":"publish","type":"product","link":"https:\/\/vulkanoshop.xyz\/?product=samba-burgundy-cream","title":{"rendered":"Samba &#8211; Burgundy &#038; Cream"},"content":{"rendered":"<p>Las <strong>Adidas Samba<\/strong> son otro de los modelos m\u00e1s emblem\u00e1ticos y queridos de la marca alemana. Originalmente dise\u00f1adas en 1950 para el f\u00fatbol, especialmente para jugar sobre superficies de hielo, las Samba han trascendido su prop\u00f3sito deportivo y se han convertido en un cl\u00e1sico del calzado urbano.<\/p>\n<p>El dise\u00f1o de las Adidas Samba es sencillo y atemporal. Tienen una parte superior de cuero, generalmente en color negro, con detalles en blanco, y las tres franjas caracter\u00edsticas de Adidas en el lateral. Su suela de goma es resistente y tiene una textura que asegura un buen agarre, una de las razones por las cuales fueron tan populares en el f\u00fatbol. La puntera de las Samba est\u00e1 reforzada con un material de goma, lo que las hace tanto funcionales como estilizadas.<\/p>\n<p>Este modelo es muy vers\u00e1til, pudiendo combinarse tanto con looks informales como m\u00e1s modernos, y se ha mantenido relevante en la moda debido a su dise\u00f1o retro y su comodidad. Las Adidas Samba siguen siendo una de las zapatillas m\u00e1s populares y queridas en todo el mundo, con una presencia destacada tanto en el deporte como en la moda urbana.<\/p>\n","protected":false},"excerpt":{"rendered":"<p>Las Adidas Samba son unas zapatillas legendarias que han marcado tendencia desde su lanzamiento en 1950. Originalmente dise\u00f1adas para f\u00fatbol sala, su dise\u00f1o cl\u00e1sico de cuero y gamuza ha evolucionado hasta convertirse en un calzado esencial tanto en el \u00e1mbito deportivo como en la moda urbana. Con su ic\u00f3nica suela de goma y el detalle de las tres franjas caracter\u00edsticas de Adidas, las Samba ofrecen una combinaci\u00f3n perfecta de estilo retro y funcionalidad. Son ideales para quienes buscan un calzado vers\u00e1til que se adapte a cualquier look, desde el casual hasta el deportivo, sin perder nunca su esencia cl\u00e1sica. Con d\u00e9cadas de historia, las **Samba** siguen siendo una opci\u00f3n popular por su comodidad, durabilidad y su inconfundible estilo.<\/p>\n","protected":false},"featured_media":80067,"comment_status":"closed","ping_status":"closed","template":"","meta":[],"product_brand":[],"product_cat":[599,673,601],"product_tag":[],"class_list":{"0":"post-80046","1":"product","2":"type-product","3":"status-publish","4":"has-post-thumbnail","6":"product_cat-adidas","7":"product_cat-samba","8":"product_cat-zapatillas","10":"first","11":"instock","12":"sale","13":"shipping-taxable","14":"purchasable","15":"product-type-variable"},"_links":{"self":[{"href":"https:\/\/vulkanoshop.xyz\/index.php?rest_route=\/wp\/v2\/product\/80046","targetHints":{"allow":["GET"]}}],"collection":[{"href":"https:\/\/vulkanoshop.xyz\/index.php?rest_route=\/wp\/v2\/product"}],"about":[{"href":"https:\/\/vulkanoshop.xyz\/index.php?rest_route=\/wp\/v2\/types\/product"}],"replies":[{"embeddable":true,"href":"https:\/\/vulkanoshop.xyz\/index.php?rest_route=%2Fwp%2Fv2%2Fcomments&post=80046"}],"version-history":[{"count":1,"href":"https:\/\/vulkanoshop.xyz\/index.php?rest_route=\/wp\/v2\/product\/80046\/revisions"}],"predecessor-version":[{"id":80068,"href":"https:\/\/vulkanoshop.xyz\/index.php?rest_route=\/wp\/v2\/product\/80046\/revisions\/80068"}],"wp:featuredmedia":[{"embeddable":true,"href":"https:\/\/vulkanoshop.xyz\/index.php?rest_route=\/wp\/v2\/media\/80067"}],"wp:attachment":[{"href":"https:\/\/vulkanoshop.xyz\/index.php?rest_route=%2Fwp%2Fv2%2Fmedia&parent=80046"}],"wp:term":[{"taxonomy":"product_brand","embeddable":true,"href":"https:\/\/vulkanoshop.xyz\/index.php?rest_route=%2Fwp%2Fv2%2Fproduct_brand&post=80046"},{"taxonomy":"product_cat","embeddable":true,"href":"https:\/\/vulkanoshop.xyz\/index.php?rest_route=%2Fwp%2Fv2%2Fproduct_cat&post=80046"},{"taxonomy":"product_tag","embeddable":true,"href":"https:\/\/vulkanoshop.xyz\/index.php?rest_route=%2Fwp%2Fv2%2Fproduct_tag&post=80046"}],"curies":[{"name":"wp","href":"https:\/\/api.w.org\/{rel}","templated":true}]}}